196. Determine u(o).
-1
Let v(q) be the first derivative of q**3/3 + 19*q**2 + 136*q + 120. Let k be v(-34). Let z(f) = f**3 - f - 11. What is z(k)?
-11
Let s(j) = 8*j**3 - 8*j**2 - j - 12. Let i(f) = 9*f**3 - 7*f**2 - f - 10. Let o(l) = 5*l - 85. Let a be o(18). Let g(y) = a*s(y) - 6*i(y). Calculate g(-1).
15
Let o(l) = 3 - l**2 - l**3 - 2*l**2 + 0*l**2. Let w = 60 - 109. Let j be (-8)/28 + 133/w. What is o(j)?
3
Let k = 246 - 241. Let w(q) = -5*q**2 - q + 1. Let i(x) = x**2 - x. Let o(p) = -6*i(p) - w(p). Determine o(k).
9
Let g(l) = 6 - l**2 + 3*l - 8*l - 2*l**2 - 4*l**2 + 5*l**2. Calculate g(-5).
-19
Let b(f) be the third derivative of f**6/120 - f**5/60 - f**4/4 + f**3 - 1370*f**2. Give b(3).
6
Let a(b) = 2373*b - 4749*b + 2378*b + 1. Give a(-14).
-27
Let l(s) = 7*s**2 + 7*s - 33. Let c(j) = -8*j**2 - 8*j + 38. Let i(h) = 6*c(h) + 7*l(h). Give i(5).
27
Let s(c) = 44*c**2 + 263*c - 8. Suppose a + 111*g = 108*g - 27, 0 = -5*a - g - 37. What is s(a)?
-2
Let h(y) = 24*y**3 - 12*y**2 - 19*y - 33. Let r be -2 + (1 - -4) - 8. Let b(l) = 17*l**3 - 8*l**2 - 13*l - 22. Let z(a) = r*h(a) + 7*b(a). What is z(5)?
6
Let n be 5*(-4 - (0 + -3)). Let u be (5 + -8 + 2)*n. Let q(y) be the second derivative of y**3/6 - 3*y**2 - y. Determine q(u).
-1
Suppose -3*a - z = a - 11, -4*a + 4*z + 16 = 0. Let m be (a + (-7)/3)*(-6)/4. Let c(j) = 19*j - 1. What is c(m)?
-20
Suppose h = -4*t + 66, 8*t - 5*t - h = 60. Let m(a) = a**3 - 17*a**2 - 20*a + 49. Calculate m(t).
13
Let b(v) = v**3 + 24*v**2 + v + 20. Suppose -705 = 560*z - 493*z + 903. Determine b(z).
-4
Let i = 17 - 2. Let f = -15 + i. Let s be ((-4)/(-16)*f)/1. Let b(r) = -r**2 + 5. Give b(s).
5
Let z(x) = -22*x + 72. Let m be z(4). Let b(s) = -2*s - 35. Let t be b(m). Let j(d) = -d**3 - 3*d**2 + d - 2. Give j(t).
-5
Let i be 3494/12 + (-3)/18. Let a(g) = i*g**2 - 4 + 32 + 18*g + 3*g - 290*g**2. Give a(-19).
-10
Let t(s) = -3*s + 10. Let m(x) = -180*x - 1. Let q be m(1). Let b = q + 186. Give t(b).
-5
Let w(m) = -27*m**2 + m. Suppose -6 = -2*c - 4. Let l(o) = -o**2 + 23*o + 2. Let i be l(23). Let f = i - c. Give w(f).
-26
Let t(g) = -2*g**2 + 8*g + 12. Let p be t(5). Suppose -2*c - 23 = -3*y - 4*c, -5*y - p*c + 33 = 0. Let u(j) = 3*j + 7. Give u(y).
22
Let u(p) = -p**2 - 2*p + 0*p**2 - 5*p - 4*p + 8. Let w(d) = d**2 + 5*d - 5. Let f be w(-4). Calculate u(f).
26
Suppose -52*r = 83 - 15 - 380. Let y be 2*(4/2 + -1). Let o(n) = n**3 + 2*n**3 - n**y + 4*n**3 + 2 - r*n**3 - n. Calculate o(2).
4
Suppose 0 = 5*n - 5*k - 50, -3*n - 2*k + 14 = -k. Suppose -p + n = 3. Let y(h) = -417*h + 8. Let g(z) = -69*z + 1. Let o(j) = 6*g(j) - y(j). Give o(p).
7
Let w(h) = -241*h - 28 + 74*h + 81*h + 84*h. What is w(-10)?
-8
Let h(f) = 2*f + 3. Let q be 8*(9/72 + (-2)/(-16)). Suppose 3*o = -0*o - l - 14, 0 = -o + l + q. Calculate h(o).
-3
Suppose 30 = 12*u - 7*u. Suppose 16 = c + 4*p - u*p, -3*c + 40 = 2*p. Suppose 0 = 3*m + 4 + c. Let j(d) = -d. What is j(m)?
6
Let r(k) = k**3 - 8*k**2 + 4*k + 13. Let d(i) = i**2 - 39*i - 119. Let x be d(42). Let y be r(x). Let f(c) = -2*c - 16. Determine f(y).
0
Let l(k) = 19*k - 8. Let t(z) = 7*z + 209. Let s be t(-29). Let h(w) = 18*w - 7. Let o(q) = s*h(q) - 5*l(q). Determine o(1).
11
Let a(w) be the second derivative of w**5/20 + w**4 + 13*w**3/6 + 29*w**2/2 + 5*w + 65. Determine a(-11).
7
Let d(l) = -2*l**2 + 4*l - 1. Let p(i) = -3*i**2 + 20*i - 1. Let t(r) = d(r) - p(r). What is t(15)?
-15
Let w(r) = r**3 - 8*r**2 - 101*r + 784. Let a be w(8). Let o(g) = g**3 + 25*g**2 + 26*g - 45. Give o(a).
-93
Let f be (2*(-262)/(-4))/1. Let u(l) = 208*l - 672. Let s be u(4). Let c(d) = -2*d - s + 4*d - d + f. Give c(0).
-29
Let t = 131 - 127. Suppose 89*w - 85*w = -t. Let u(l) = -3*l**3 - l - 1. Determine u(w).
3
Let y(g) = 27*g - 167. Let r be 1/((-22)/11)*-12. What is y(r)?
-5
Suppose 0 = u + 4*a - 25, -5*u - 4*a = 6 - 51. Let c(k) be the first derivative of -k**4/4 + 4*k**3/3 + 4*k**2 - 6*k + 6215. Give c(u).
9
Let u(v) be the second derivative of -v**5/20 - v**4 - 14*v**3/3 - 19*v**2/2 + 44*v. Let d be u(-9). Let a(c) = c**3 + 10*c**2 + 6. What is a(d)?
6
Let c(n) = -4*n**2 - 6. Let u(f) = -17*f**2 - 9*f - 19. Let i(t) = -3*c(t) + u(t). Give i(-4).
-45
Let q(h) = h**3 - h**2 - h - 1. Let c(o) = -4*o + 2*o + 7 + o. Let z(a) = -a**3 - 14*a**2 - 24*a + 7. Let n be z(-12). Let r be c(n). Calculate q(r).
-1
Let c(u) = u + 12. Let f(n) = 2*n - 27. Let m be f(24). Let h(q) = q**2 - 15*q - 31. Let k be h(m). Let j = 83 - k. Determine c(j).
0
Suppose 5*u = -3*x - 0*x + 21, 4*u + 4*x = 12. Let g(s) = s**2 + 4*s**2 - 165*s - 154*s + 326*s - 6*s**2 - 12. Determine g(u).
-6
Suppose 2405 = -188*k + 149. Let c(x) = 4*x + 42. What is c(k)?
-6
Let w(b) = b - 1. Let x be (-14)/21*(72/(-2) - -3). Suppose -2*k + 4*o + x = 10, 2*o + 12 = 4*k. Suppose k*r - 2 + 10 = 0. Determine w(r).
-5
Let m be (2 + -6 + 6)*3/2. Suppose -4*u + 7 = m*u. Let i(n) = 1. Let w(s) = 16*s**2 + s - 5. Let v(j) = -4*i(j) - w(j). What is v(u)?
-16
Let s be (15/(-9))/(8/24). Let d be (18 - -2) + (-20)/s. Let u(w) = d*w - w**2 - 2 - 1 - 2 - 25*w. Calculate u(0).
-5
Let c(h) = -3 - 2 - 556*h + 2 - 559*h + 1095*h. Give c(-5).
97
Let o(u) = -u**3 + 6*u**2 - 4*u + 7. Let c(k) = -66*k + 268. Let i be c(4). What is o(i)?
23
Let f(s) = s**2 + s + 1. Suppose -14*b = -b + 13*b - 208. Calculate f(b).
73
Let i = -66 - -75. Let h(z) = -4*z**3 + 11*z**2 + 11*z - 18. Let k(r) = -3*r**3 + 10*r**2 + 11*r - 19. Let o(b) = 2*h(b) - 3*k(b). Give o(i).
3
Let d be (-3 - -6)*(-4)/(-6). Let f(v) = 3*v - 2. Let u(s) be the third derivative of s**4/24 + s**3/6 - 149*s**2. Let q(a) = d*u(a) + f(a). Give q(-1).
-5
Let f(z) = -z**3 - 12*z**2 - 16*z + 3. Suppose -2*n = 5*s + 55, 0 = n + s + 31 - 14. Calculate f(n).
-37
Suppose n - 5*z = -n + 1384, 3*n - z = 2076. Let m(g) = 685*g - 1387*g + n*g. Give m(-2).
20
Let w(q) = 2*q + 10. Suppose -l + 37 = 3*d, d = 4*l + 37 - 3. Suppose 9 = -v + 4*t - d, 0 = -3*v - 2*t - 13. Calculate w(v).
-4
Let v = -25 + 23. Let n(l) = -17*l - 13. Let y be n(v). Let x(t) = 10 + 2*t - y + 12. What is x(-1)?
-1
Let i(q) = -15*q**2 + 16*q**2 + 2864*q - 2891*q + 118. Calculate i(22).
8
Let j(z) = z**3 + 4*z**2 - 11*z - 9. Let u(o) = 35*o - 1021. Let f be u(29). Give j(f).
-15
Let b be -8*((-24)/(-4) - 3/((-21)/(-49))). Let u(d) = -2*d - 3. Let i(v) = -5*v - 10. Let p(m) = 2*i(m) - 7*u(m). What is p(b)?
33
Let p(w) = 7*w - 12. Let k(a) = 20*a - 37. Let l = 527 - 510. Let j(y) = l*p(y) - 6*k(y). Give j(0).
18
Let h(y) = 20*y**3 + 16*y**2 - 47*y + 17. Let k(q) = -11*q**3 - 8*q**2 + 24*q - 6. Let t(g) = 6*h(g) + 11*k(g). What is t(6)?
0
Let a(d) = -2*d**2 - 3*d + 25. Let b be a(-3). Let x(n) be the third derivative of 1/60*n**5 - n**3 + b*n**2 + 0 - 1/3*n**4 + 0*n. Give x(8).
-6
Suppose u = 3*n + 5, u + 9*n - 13*n = 6. Let w(c) = 2*c + 2 - c**u + 2*c - 5. Determine w(4).
-3
Let g(u) = 22*u + 2. Let c be g(-1). Let t be c/(-70)*7/(-2). Let z(x) = -17*x**3 + 2*x**2 - 1. What is z(t)?
18
Let n be -8 - -7 - (1 + 4). Let m = -226 + 228. Let p(r) = -20 - r**m + 19 - 6*r + r. Calculate p(n).
-7
Suppose -12 + 4 = -4*y. Let p(u) be the first derivative of -1/4*u**4 - u**2 + 224 + 4/3*u**3 + 0*u. What is p(y)?
4
Let r(j) = 10 + 53*j**2 + 19*j - 46 + 3*j - 55*j**2. Calculate r(8).
12
Let i(z) be the second derivative of -z**5/40 - 5*z**4/24 - z**3/3 - 13*z**2 + 24*z - 1. Let l(o) be the second derivative of i(o). Determine l(-3).
4
Let n(f) = f**2 - 27*f + 4. Let a(o) = -o**2 + 18*o - 3. Let h(v) = 3*a(v) + 2*n(v). Suppose -2*x - x = -9. Calculate h(x).
-10
Let f = -882 + 880. Let s(h) = 2*h**3 + 2*h**2 + 3*h + 1. Determine s(f).
-13
Let a(z) = 3*z**2 - 2*z + 35. Let x(n) = n**2 - n + 12. Let v(u) = 6*a(u) - 17*x(u). Let t = 68 + 21. Let p = 84 - t. Calculate v(p).
6
Let s(w) = w - 4. Let z = -309 - -235. Let n = -77 - z. Determine s(n).
-7
Let v(u) = 27*u + 29. Let l(p) = -115*p - 125. Let f(d) = -7*l(d) - 30*v(d). Determine f(-3).
20
Let o(v) = -v**2 - 2*v + 2. Suppose 3*n + 3*f - 198 = 0, 4*n + f - 194 = n. Let r be (2/(-8))/((-8)/n). Let l be (8/1)/(2*(-3 + r)). Determine o(l).
-6
Let l be 38/5 + 10/25. Let c(r) be the second derivative of 43*r - 5/2*r**2 - 1/12*r**4 + 3/2*r**3 + 0. Give c(l).
3
Let g(o) = -50*o**2 + 2*o**3 - 118 + 124 + 35*o**2 + 6*o. Gi